{"id":197,"date":"2024-03-21T13:56:17","date_gmt":"2024-03-21T17:56:17","guid":{"rendered":"https:\/\/wfcsolucioneselectronicas.com\/?post_type=product&#038;p=197"},"modified":"2025-06-18T07:33:38","modified_gmt":"2025-06-18T11:33:38","slug":"tarjeta-aire-acondicionado","status":"publish","type":"product","link":"https:\/\/wfcsolucioneselectronicas.com\/index.php\/product\/tarjeta-aire-acondicionado\/","title":{"rendered":"Tarjeta aire acondicionado Samsung"},"content":{"rendered":"<p>*Refurbiched-Renovada \u2728<\/p>\n<p>*Capacidad 18KBTU<\/p>\n<p>*Voltaje 220V\u26a1\ufe0f<\/p>\n<p>*Unidad Exterior\ud83c\udf26\ufe0f<\/p>\n<p>Cont\u00e1ctenos para saber m\u00e1s y recibir asesor\u00eda especializada para la soluci\u00f3n de su problema.<\/p>\n<p><a href=\"https:\/\/wa.me\/18092450142\">https:\/\/wa.me\/18092450142<\/a><\/p>\n<p>Lo ayudaremos a descasar sus noches!<\/p>\n","protected":false},"excerpt":{"rendered":"<p>*Refurbiched-Renovada \u2728 *Capacidad 18KBTU *Voltaje 220V\u26a1\ufe0f *Unidad Exterior\ud83c\udf26\ufe0f Cont\u00e1ctenos para saber m\u00e1s y recibir asesor\u00eda especializada para la soluci\u00f3n de su problema. https:\/\/wa.me\/18092450142 Lo ayudaremos a descasar sus noches!<\/p>\n","protected":false},"featured_media":199,"comment_status":"open","ping_status":"closed","template":"","meta":{"_monsterinsights_skip_tracking":false,"_monsterinsights_sitenote_active":false,"_monsterinsights_sitenote_note":"","_monsterinsights_sitenote_category":0},"product_brand":[],"product_cat":[23],"product_tag":[],"class_list":{"0":"post-197","1":"product","2":"type-product","3":"status-publish","4":"has-post-thumbnail","6":"product_cat-tarjetas-para-condensadores-inverters-","8":"first","9":"outofstock","10":"sold-individually","11":"taxable","12":"shipping-taxable","13":"purchasable","14":"product-type-simple"},"aioseo_notices":[],"jetpack_sharing_enabled":true,"_links":{"self":[{"href":"https:\/\/wfcsolucioneselectronicas.com\/index.php\/wp-json\/wp\/v2\/product\/197","targetHints":{"allow":["GET"]}}],"collection":[{"href":"https:\/\/wfcsolucioneselectronicas.com\/index.php\/wp-json\/wp\/v2\/product"}],"about":[{"href":"https:\/\/wfcsolucioneselectronicas.com\/index.php\/wp-json\/wp\/v2\/types\/product"}],"replies":[{"embeddable":true,"href":"https:\/\/wfcsolucioneselectronicas.com\/index.php\/wp-json\/wp\/v2\/comments?post=197"}],"wp:featuredmedia":[{"embeddable":true,"href":"https:\/\/wfcsolucioneselectronicas.com\/index.php\/wp-json\/wp\/v2\/media\/199"}],"wp:attachment":[{"href":"https:\/\/wfcsolucioneselectronicas.com\/index.php\/wp-json\/wp\/v2\/media?parent=197"}],"wp:term":[{"taxonomy":"product_brand","embeddable":true,"href":"https:\/\/wfcsolucioneselectronicas.com\/index.php\/wp-json\/wp\/v2\/product_brand?post=197"},{"taxonomy":"product_cat","embeddable":true,"href":"https:\/\/wfcsolucioneselectronicas.com\/index.php\/wp-json\/wp\/v2\/product_cat?post=197"},{"taxonomy":"product_tag","embeddable":true,"href":"https:\/\/wfcsolucioneselectronicas.com\/index.php\/wp-json\/wp\/v2\/product_tag?post=197"}],"curies":[{"name":"wp","href":"https:\/\/api.w.org\/{rel}","templated":true}]}}